 of (-3 + 485/(-20))*(-220)/1?
5
Let c = 1 + 0. What is the tens digit of 663*(c - (-6)/(-9))?
2
Let h(i) = i**2 - 22*i - 28. Let b(x) = -1. Let o(r) = -3*b(r) - h(r). Let f be ((-11)/(-1))/(21/21). What is the tens digit of o(f)?
5
Let h(a) = 2*a**3 - 3*a**2. Let d be h(2). Let n = -1726 - -2122. Suppose d*p - p = n. What is the tens digit of p?
3
Suppose -2*y = -118*g + 122*g - 26502, -5*g - 39698 = -3*y. What is the ten thousands digit of y?
1
Let h(b) = -b**3 - 73*b**2 + 1331*b + 2. What is the hundreds digit of h(-89)?
2
Suppose -211*u + 1394165 = 217*u - 4247303. What is the hundreds digit of u?
1
What is the units digit of 4 + (-75)/(-18)*-1 + 6113132/408?
3
Let i = -2725 + 6024. What is the tens digit of i?
9
Let y = 215 + -150. Let s = 0 + y. What is the tens digit of s?
6
Suppose 38*v = 46*v - 32. Let d(q) = 37*q + 8. What is the units digit of d(v)?
6
Let g be 4 - (-22)/(-3)*-15. Let b be 2/(-7) - g/42. What is the units digit of (b/(-6) - (2 - 2))*22?
1
Suppose -13*h + 17796 + 32072 = 0. What is the units digit of h?
6
Let u be (-3)/(-8) - (495/40)/1. What is the tens digit of (1683/u)/((-30)/80)?
7
Let u(f) = 27*f - 1. Let g be u(12). Suppose g + 385 = 4*i. What is the units digit of i?
7
Let r(j) = 6*j**2 - 44*j - 663. What is the units digit of r(-45)?
7
Let n = 12608 + -4945. What is the tens digit of n?
6
Let c be (-7034)/(-16) + (-9)/(-24). What is the units digit of (2 - (8 - 3)) + c?
7
Let t be (8 + (4 - 9))*-17. Let i = t - -189. Let a = 28 + i. What is the tens digit of a?
6
What is the tens digit of ((-516)/(-774))/(4/54354)?
5
Let m = -523 - -5029. What is the hundreds digit of m?
5
Suppose 7*z = 52 - 38. Suppose 5*p - 3729 = 4*d, -z*d - d = 4*p - 3008. What is the units digit of p?
9
Let y(f) = -f**3 + 8*f**2 - 8*f + 10. Let i be y(7). Suppose -6*s + 7*s + 268 = i*g, 0 = 2*s + 2. What is the units digit of g?
9
Suppose -2*a - 914 = 2*c, -c + a = -4*c - 1367. Suppose l = -4*x + 2597, 0 = 2*x + 5*l - 604 - 681. Let o = x + c. What is the hundreds digit of o?
1
Suppose 201 = 5*n + 181. Suppose 6*s - 11*s = 25, -n*t + s = -2773. What is the hundreds digit of t?
6
Let b(s) = -s**3 + 7*s**2 - 24*s + 3. Let k be ((-6)/(-5))/(12/80). Let n be b(k). Let a = n - -535. What is the tens digit of a?
8
Suppose 3*d + 5073 - 51168 = -2*y, -2*d + y = -30730. What is the hundreds digit of d?
3
Suppose 0 = -13*s + 20918 + 26090. What is the thousands digit of s?
3
Let b = -25620 - -54913. What is the thousands digit of b?
9
Suppose d - 26 = -25. Let m be 6 + -9 - (48 - d). What is the units digit of ((-2502)/(-10))/3 - (-20)/m?
3
Let k(u) = 82*u**2 + 161*u - 8. What is the tens digit of k(5)?
4
Suppose w - 38820 = 7*f, -18185 - 137066 = -4*w - f. What is the ten thousands digit of w?
3
Suppose -24*k + 21103 - 18601 = -56322. What is the hundreds digit of k?
4
What is the hundreds digit of 26960203/2036 + (3/(-4))/(-3)?
2
Let z = -115700 - -169537. What is the hundreds digit of z?
8
Let q(k) be the third derivative of -k**6/120 - 5*k**5/12 - 13*k**3/3 + k**2 + 4. What is the units digit of q(-26)?
0
Let r be (-3)/((-60)/(-16))*-5. Suppose -r*c - 185 = -849. Suppose -2*i + 4*i = c. What is the tens digit of i?
8
Let z(a) = -a**2 + 19*a - 9. Let p be z(18). Let s(n) = 10*n + 8*n + p + 9*n. What is the units digit of s(3)?
0
Let i(w) = 17*w**2 + 38*w + 3. Let p be i(-5). Let u = 1494 - p. What is the units digit of u?
6
Let w(j) = 2*j + 29. Let o be w(-13). Suppose 164 + 211 = o*p. Suppose 5*n = -c + 105, 5*n + 8*c - p = 3*c. What is the units digit of n?
0
Suppose 0 = 38*z - 356126 + 14734. What is the hundreds digit of z?
9
Suppose -112241 = -39*c + 36*c + 14*o, -3*c + 112232 = -5*o. What is the tens digit of c?
0
Let w(a) = -227*a + 112. Let b(v) = -225*v + 113. Let f(q) = -5*b(q) + 4*w(q). What is the hundreds digit of f(3)?
5
Suppose -4*j = q - 98, 5*j = -4*q + 612 - 176. Let l(h) = -2*h**2 + 9*h - 4. Let m be l(8). Let b = q + m. What is the units digit of b?
4
Let j = -3 + -2. Let u be 2/j - (-96)/40. Suppose 6*f - u*f = 360. What is the units digit of f?
0
Let r(b) = 107*b - 31. Let a be 22/(-2)*(-7 + (11 - 5)). What is the tens digit of r(a)?
4
Let m(x) = x**3 - 12*x**2 + 15*x - 23. Let k be m(11). Suppose -6*w + k = -27. Suppose -z = w*z - 621. What is the tens digit of z?
6
What is the thousands digit of (0 - -3) + -15 - -5006?
4
Suppose 4*f - t - 692 = 0, -f = 2*t - 244 + 80. Let p = 415 - f. What is the units digit of p?
3
Let i(n) = -35*n**3 + 3*n**2 + 16*n - 32. What is the ten thousands digit of i(-8)?
1
Suppose -4*i + 3*r + 13 = 0, -5*r + 0*r - 15 = -5*i. Let n be 8 + (4 - 8) - i. Suppose n = 5*o - o - 372. What is the units digit of o?
3
Suppose -330*t = 2*z - 328*t - 10996, 2*z - 11002 = -4*t. What is the tens digit of z?
9
Let t = 13 + -11. Let b be (t + -1)*(4 + 0). Suppose -b*c + o = -1048, 3*c + c = -o + 1056. What is the units digit of c?
3
Let i = -2320 + 6055. Suppose 7*w - i = 16*w. What is the hundreds digit of ((-4)/4)/(-4) + w/(-4)?
1
Suppose 2*c - 761 = l + 180, -c = -2*l - 478. Suppose -1872 = -4*j - 4*h, j - 4*h = -3*h + c. What is the units digit of j?
8
Let o(u) = 2*u**2 + 17*u - 355. What is the units digit of o(-33)?
2
Suppose 0 = -19*t + 2642 - 666. Let w(z) = -z**2 + z. Let j be w(0). Suppose 4*q - 52 - t = j. What is the tens digit of q?
3
Suppose -4*k = -38 - 34. Suppose 0 = 14*i - k*i + 252. What is the tens digit of i?
6
Let v be -1 - 2/4*-14. Let a be v/(-4)*(-5160)/45. Let r = a - 100. What is the tens digit of r?
7
Suppose 40*w = k + 35*w - 10448, 41716 = 4*k - w. What is the units digit of k?
8
Let k = 5444 - -4994. What is the units digit of k?
8
Let o(u) = -u**2 + 41*u + 51. Let d be (-4)/46 + (-4432)/(-184). What is the hundreds digit of o(d)?
4
Suppose -8*y - 1 = -9*y. Let c be ((-8)/16)/(y/(-64)*2). Suppose 0 = 2*b - d - c, -b + 2*b = 4*d - 6. What is the tens digit of b?
1
Suppose 3*j = 2*l + 8940 - 36862, -5*j - 41884 = -3*l. What is the thousands digit of l?
3
What is the ten thousands digit of (-448)/224*(-1 + -6571)?
1
Let a = 1029 + 419. Suppose a = 4*q + z, 0 = 2*q + 4*z - 88 - 650. What is the units digit of q?
1
Let t(a) be the first derivative of -a**2/2 + 16*a + 27. Let s be t(12). Suppose 5*x - 359 = -2*y, -5*y + 6 + s = 0. What is the units digit of x?
1
Suppose 23*r - 19*r = 9568. Suppose 10*a = 1718 + r. What is the hundreds digit of a?
4
Suppose -2*z + 17280 = 35*o - 33*o, 0 = 2*z - 2*o - 17300. What is the units digit of z?
5
Let d be 14/84 - (-71)/6. Suppose 0 = 5*s - 4*i - 78, -5*i = -2*s + 26 + d. Suppose s*u = 2417 + 75. What is the hundreds digit of u?
1
Let t(v) = v**2 - 9*v + 129. Let n(o) = 3*o**2 - 17*o + 258. Let g(k) = 3*n(k) - 5*t(k). What is the hundreds digit of g(8)?
3
Suppose 79 + 21 = -10*b. What is the units digit of 4*b/(-520) - 648/(-26)?
5
Let x be -3 - 35/(-10)*4. Let s be 13/x - (-4)/(-22). Let k(m) = 77*m**2 + 2*m - 1. What is the units digit of k(s)?
8
Let w be (-18)/42 + (-360)/(-56). Suppose 7*v + w*v - 2223 = 0. What is the units digit of v?
1
Suppose -3*z - 66 + 12 = 0. Let c be (3/2 - 2)/(3/z). Let l(s) = s**3 - s + 2. What is the tens digit of l(c)?
2
Let v(p) = 10*p**2 - 56 - 20*p + 126 - 54. What is the units digit of v(5)?
6
Let u(p) = 88*p - 141*p + 3*p**2 + 86*p - 2*p**2 + 24. What is the hundreds digit of u(15)?
7
Let n be (-5 + 4)*10/(-5 - -3). Suppose 4*t - 742 - 994 = -5*l, -5*l + 1740 = n*t. What is the tens digit of l?
4
Let j be (2332/(-33))/(6/(-63)). What is the hundreds digit of (j/(-6))/(6/(-36))?
7
Suppose -3*w - h + 38978 = 0, -10*w + 14*w + 2*h - 51972 = 0. What is the hundreds digit of w?
9
Suppose -4*s + 0*m - 4*m + 5556 = 0, m - 4159 = -3*s. What is the thousands digit of s?
1
Let y be 20/30*3*1. Suppose -y*f + 5 - 27 = 0. Let h = f + 17. What is the units digit of h?
6
Let p = 3908 - 3535. What is the units digit of p?
3
Let z(r) = 25*r**2 - 23*r + 391. What is the thousands digit of z(13)?
4
Let y(p) = -345*p - 8. Let l(o) = -2*o + 1. Let r(s) = -3*l(s) + y(s). What is the units digit of r(-1)?
8
Suppose -40 - 408 = -8*g. Suppose -5*r + g + 719 = 5*b, 5*r = -b + 775. What is the tens digit of r?
5
Suppose -t + p + 45718 = 0, -3*t - 69632 = -p - 206778. What is the tens digit of t?
1
Let g(q) = -80*q - 99. Let d be 